{"id":67,"date":"2017-09-21T10:02:30","date_gmt":"2017-09-21T08:02:30","guid":{"rendered":"http:\/\/www.dbchauffage.be\/?page_id=67"},"modified":"2018-01-07T19:21:33","modified_gmt":"2018-01-07T18:21:33","slug":"certificats-primes","status":"publish","type":"page","link":"https:\/\/www.dbchauffage.be\/?page_id=67","title":{"rendered":"PRIMES &#038; CERTIFICATS"},"content":{"rendered":"<p><div class=\"fusion-fullwidth fullwidth-box fusion-builder-row-1 nonhundred-percent-fullwidth non-hundred-percent-height-scrolling\" style=\"background-color: rgba(255,255,255,0);background-position: center center;background-repeat: no-repeat;padding-top:0px;padding-right:0px;padding-bottom:0px;padding-left:0px;margin-bottom: 0px;margin-top: 0px;border-width: 0px 0px 0px 0px;border-color:#eae9e9;border-style:solid;\" ><div class=\"fusion-builder-row fusion-row\"><div class=\"fusion-layout-column fusion_builder_column fusion-builder-column-0 fusion_builder_column_1_1 1_1 fusion-one-full fusion-column-first fusion-column-last\" style=\"margin-top:0px;margin-bottom:20px;\"><div class=\"fusion-column-wrapper fusion-flex-column-wrapper-legacy\" style=\"background-position:left top;background-repeat:no-repeat;-webkit-background-size:cover;-moz-background-size:cover;-o-background-size:cover;background-size:cover;padding: 0px 0px 0px 0px;\"><div class=\"fusion-text fusion-text-1\"><h1 style=\"text-align: center;\"><strong>PRIMES<\/strong><\/h1>\n<\/div><div class=\"fusion-text fusion-text-2\"><p>Que \u00e7a soit \u00e0 Bruxelles, en Wallonie ou en Flandre, plusieurs primes et aides sont disponibles pour rembourser une partie de vos frais de r\u00e9novation. D\u00e9couvrez-les :<\/p>\n<ul>\n<li><strong>Pour Bruxelles<\/strong>: <a href=\"http:\/\/www.environnement.brussels\" target=\"_blank\" rel=\"noopener\">environnement.brussels<\/a><\/li>\n<\/ul>\n<p>Les primes en r\u00e9gion bruxelloise concernent\u00a0:<\/p>\n<ul>\n<li>C1 &#8211; Chaudi\u00e8re, g\u00e9n\u00e9rateur \u00e0 air chaud ou a\u00e9rotherme gaz performants<\/li>\n<li>C2 &#8211; Convecteur gaz performant<\/li>\n<li>C3 &#8211; R\u00e9gulation thermique<\/li>\n<li>C4 &#8211; Pompe \u00e0 chaleur \u2013 Chauffage<\/li>\n<li>C5 &#8211; Pompe \u00e0 chaleur \u2013 Eau chaude sanitaire<\/li>\n<li>C6 &#8211; Tubage chemin\u00e9e collective<\/li>\n<li>C7 &#8211; Chauffe-eau solaire<\/li>\n<\/ul>\n<p><u>Nouveaut\u00e9 2017<\/u> : un <a href=\"http:\/\/www.environnement.brussels\/thematiques\/energie\/primes-et-incitants\/les-primes-energie-en-2017-la-continuite\/comment-introduire\" target=\"_blank\" rel=\"noopener\">formulaire unique<\/a> vous permet d\u2019introduire plusieurs primes simultan\u00e9ment. Le d\u00e9lai d\u2019introduction des 4 mois \u00e0 partir de la facture de solde s\u2019applique pour chaque prime. Si vous \u00eates un m\u00e9nage ou une copropri\u00e9t\u00e9, vous pouvez introduire votre demande de Prime(s) Energie via la <a href=\"http:\/\/www.environnement.brussels\/thematiques\/energie\/primes-et-incitants\/les-primes-energie-en-2017-la-continuite\/comment-introduire\" target=\"_blank\" rel=\"noopener\">plateforme s\u00e9curis\u00e9e Irisbox<\/a><\/p>\n<p><em>\u00a0\u00ab\u00a0Le chauffage et l\u2019eau chaude sanitaire sont les co\u00fbts les plus importants de la facture \u00e9nerg\u00e9tique. Pouvoir se reposer sur une installation la plus performante possible est un investissement gagnant \u00e0 long terme. Surtout si son bien est correctement isol\u00e9 et ventil\u00e9.\u00a0\u00bb<\/em><\/p>\n<p><em>\u00a0<\/em><\/p>\n<ul>\n<li><strong>Pour la Wallonie<\/strong>: <a href=\"https:\/\/energie.wallonie.be\/fr\/primes.html?IDC=7015\" target=\"_blank\" rel=\"noopener\">wallonie.be<\/a><\/li>\n<\/ul>\n<p>Le site du SPW recense diverses primes disponibles pour les r\u00e9novations \u00e9nerg\u00e9tiques de votre maison, villa et appartement.<\/p>\n<ul>\n<li><strong>Pour la Flandre<\/strong>: <a href=\"http:\/\/www.energiesparen.be\/subsidies\/subsidiemodule\" target=\"_blank\" rel=\"noopener\">energiesparen.be\/subsidies\/subsidiemodule<\/a><\/li>\n<\/ul>\n<p><em>Vlanderen is energie<\/em> vous propose ce petit outil pour trouver facilement les primes qui correspondent \u00e0 vos travaux de r\u00e9novation \u00e9nerg\u00e9tiques.<\/p>\n<\/div><div class=\"fusion-text fusion-text-3\"><h1 style=\"text-align: center;\"><strong>CERTIFICATS<\/strong><\/h1>\n<\/div><div class=\"fusion-text fusion-text-4\"><p>Il est toujours plus rassurant de travailler avec un vrai professionnel quand il s\u2019agit de r\u00e9aliser des travaux en relation avec le gaz, l\u2019eau et la performance \u00e9nerg\u00e9tique de votre habitation.<\/p>\n<p>D.B. Chauffage-Sanitaire poss\u00e8de les certifications n\u00e9cessaires afin de r\u00e9aliser vos travaux dans les r\u00e8gles de l\u2019art et en toute s\u00e9curit\u00e9.<\/p>\n<p><strong>CERGA\u00a0&#8211; installateur gaz professionnel\u00a0: <\/strong><a href=\"http:\/\/www.cerga.be\" target=\"_blank\" rel=\"noopener\">www.cerga.be<\/a><\/p>\n<p>Le label de qualit\u00e9 CERGA offre \u00e0 nos clients la <strong>garantie que leurs installations de gaz sont r\u00e9alis\u00e9es professionnellement<\/strong>.<br \/>\nEn tant qu&rsquo;installateur CERGA, <strong>nos techniciens ont suivi une formation sp\u00e9cifique<\/strong> et D.B. Chauffage-Sanitaire a prouv\u00e9 dans la pratique que ses installations de gaz sont conformes aux r\u00e9glementations et normes les plus r\u00e9centes. Chaque ann\u00e9e, un organisme de <strong>contr\u00f4le ind\u00e9pendant contr\u00f4le quelques-unes de nos installations<\/strong> afin de s\u2019assurer que nous respectons bien tous les crit\u00e8res de qualit\u00e9 n\u00e9cessaires.<br \/>\n<strong>Vous pouvez profiter en toute s\u00e9curit\u00e9 du confort offert par le gaz\u00a0!<\/strong><\/p>\n<p>RESCERT\u00a0: <a href=\"http:\/\/www.rescert.be\" target=\"_blank\" rel=\"noopener\">www.rescert.be<\/a><\/p>\n<p>La R\u00e9gion wallonne, la R\u00e9gion flamande et la R\u00e9gion de Bruxelles-Capitale ont mis sur pied un syst\u00e8me harmonis\u00e9 pour la formation et la certification d&rsquo;installateurs fiables et de qualit\u00e9. D.B. Chauffage-Sanitaire a obtenu cette certification pour les activit\u00e9s suivantes\u00a0:<\/p>\n<ul>\n<li>les chaudi\u00e8res \u00e0 biomasse;<\/li>\n<li>les syst\u00e8mes solaires photovolta\u00efques ou thermiques;<\/li>\n<li>les syst\u00e8mes g\u00e9othermiques superficiels;<\/li>\n<li>les pompes \u00e0 chaleur.<\/li>\n<\/ul>\n<\/div><div class=\"fusion-clearfix\"><\/div><\/div><\/div><\/div><\/div><div class=\"fusion-fullwidth fullwidth-box fusion-builder-row-2 nonhundred-percent-fullwidth non-hundred-percent-height-scrolling\" style=\"background-color: rgba(255,255,255,0);background-position: center center;background-repeat: no-repeat;padding-top:0px;padding-right:0px;padding-bottom:0px;padding-left:0px;margin-bottom: 0px;margin-top: 0px;border-width: 0px 0px 0px 0px;border-color:#eae9e9;border-style:solid;\" ><div class=\"fusion-builder-row fusion-row\"><div class=\"fusion-layout-column fusion_builder_column fusion-builder-column-1 fusion_builder_column_1_4 1_4 fusion-one-fourth fusion-column-first\" style=\"width:25%;width:calc(25% - ( ( 4% + 4% + 4% ) * 0.25 ) );margin-right: 4%;margin-top:0px;margin-bottom:20px;\"><div class=\"fusion-column-wrapper fusion-flex-column-wrapper-legacy\" style=\"background-position:left top;background-repeat:no-repeat;-webkit-background-size:cover;-moz-background-size:cover;-o-background-size:cover;background-size:cover;padding: 0px 0px 0px 0px;\"><div class=\"fusion-text fusion-text-5\"><h2 style=\"text-align: center;\"><span style=\"color: #ffcc00;\"><strong>IBGE<\/strong><\/span><\/h2>\n<\/div><div class=\"fusion-text fusion-text-6\"><h3 style=\"text-align: center;\"><strong><em>PERFORMANCE \u00c9NERG\u00c9TIQUE<\/em><\/strong><\/h3>\n<\/div><div class=\"imageframe-align-center\"><div class=\"fusion-image-frame-bottomshadow image-frame-shadow-1\"><style>.fusion-image-frame-bottomshadow.image-frame-shadow-1{display:inline-block}.element-bottomshadow.imageframe-1:before, .element-bottomshadow.imageframe-1:after{-webkit-box-shadow: 0 17px 10px rgba(0,0,0,0.4);box-shadow: 0 17px 10px rgba(0,0,0,0.4);}<\/style><span class=\" fusion-imageframe imageframe-bottomshadow imageframe-1 element-bottomshadow hover-type-none\"><img width=\"250\" height=\"250\" title=\"ibge\" src=\"http:\/\/www.dbchauffage.be\/wp-content\/uploads\/2017\/09\/ibge.jpg\" class=\"img-responsive wp-image-179\" srcset=\"https:\/\/www.dbchauffage.be\/wp-content\/uploads\/2017\/09\/ibge-200x200.jpg 200w, https:\/\/www.dbchauffage.be\/wp-content\/uploads\/2017\/09\/ibge.jpg 250w\" sizes=\"(max-width: 800px) 100vw, 250px\" \/><\/span><\/div><\/div><div class=\"fusion-clearfix\"><\/div><\/div><\/div><div class=\"fusion-layout-column fusion_builder_column fusion-builder-column-2 fusion_builder_column_1_4 1_4 fusion-one-fourth\" style=\"width:25%;width:calc(25% - ( ( 4% + 4% + 4% ) * 0.25 ) );margin-right: 4%;margin-top:0px;margin-bottom:20px;\"><div class=\"fusion-column-wrapper fusion-flex-column-wrapper-legacy\" style=\"background-position:left top;background-repeat:no-repeat;-webkit-background-size:cover;-moz-background-size:cover;-o-background-size:cover;background-size:cover;padding: 0px 0px 0px 0px;\"><div class=\"fusion-text fusion-text-7\"><h2 style=\"text-align: center;\"><span style=\"color: #ffcc00;\"><strong>ENERGIE WALLONE<\/strong><\/span><\/h2>\n<\/div><div class=\"fusion-text fusion-text-8\"><h3 style=\"text-align: center;\"><strong><em>ENERGIE SERVICE PUBLIC WALLONIE<\/em><\/strong><\/h3>\n<\/div><div class=\"imageframe-align-center\"><div class=\"fusion-image-frame-bottomshadow image-frame-shadow-2\"><style>.fusion-image-frame-bottomshadow.image-frame-shadow-2{display:inline-block}.element-bottomshadow.imageframe-2:before, .element-bottomshadow.imageframe-2:after{-webkit-box-shadow: 0 17px 10px rgba(0,0,0,0.4);box-shadow: 0 17px 10px rgba(0,0,0,0.4);}<\/style><span class=\" fusion-imageframe imageframe-bottomshadow imageframe-2 element-bottomshadow hover-type-none\"><img width=\"250\" height=\"250\" title=\"energie-wallone\" src=\"http:\/\/www.dbchauffage.be\/wp-content\/uploads\/2017\/09\/energie-wallone.jpg\" class=\"img-responsive wp-image-186\" srcset=\"https:\/\/www.dbchauffage.be\/wp-content\/uploads\/2017\/09\/energie-wallone-200x200.jpg 200w, https:\/\/www.dbchauffage.be\/wp-content\/uploads\/2017\/09\/energie-wallone.jpg 250w\" sizes=\"(max-width: 800px) 100vw, 250px\" \/><\/span><\/div><\/div><div class=\"fusion-clearfix\"><\/div><\/div><\/div><div class=\"fusion-layout-column fusion_builder_column fusion-builder-column-3 fusion_builder_column_1_4 1_4 fusion-one-fourth\" style=\"width:25%;width:calc(25% - ( ( 4% + 4% + 4% ) * 0.25 ) );margin-right: 4%;margin-top:0px;margin-bottom:20px;\"><div class=\"fusion-column-wrapper fusion-flex-column-wrapper-legacy\" style=\"background-position:left top;background-repeat:no-repeat;-webkit-background-size:cover;-moz-background-size:cover;-o-background-size:cover;background-size:cover;padding: 0px 0px 0px 0px;\"><div class=\"fusion-text fusion-text-9\"><h2 style=\"text-align: center;\"><span style=\"color: #ffcc00;\"><strong>CERGA<\/strong><\/span><\/h2>\n<\/div><div class=\"fusion-text fusion-text-10\"><h3 style=\"text-align: center;\"><strong><em>INSTALLATEUR GAZ PROFESSIONNEL<\/em><\/strong><\/h3>\n<\/div><div class=\"imageframe-align-center\"><div class=\"fusion-image-frame-bottomshadow image-frame-shadow-3\"><style>.fusion-image-frame-bottomshadow.image-frame-shadow-3{display:inline-block}.element-bottomshadow.imageframe-3:before, .element-bottomshadow.imageframe-3:after{-webkit-box-shadow: 0 17px 10px rgba(0,0,0,0.4);box-shadow: 0 17px 10px rgba(0,0,0,0.4);}<\/style><span class=\" fusion-imageframe imageframe-bottomshadow imageframe-3 element-bottomshadow hover-type-none\"><img width=\"250\" height=\"250\" title=\"cerga\" src=\"http:\/\/www.dbchauffage.be\/wp-content\/uploads\/2017\/09\/cerga.jpg\" class=\"img-responsive wp-image-184\" srcset=\"https:\/\/www.dbchauffage.be\/wp-content\/uploads\/2017\/09\/cerga-200x200.jpg 200w, https:\/\/www.dbchauffage.be\/wp-content\/uploads\/2017\/09\/cerga.jpg 250w\" sizes=\"(max-width: 800px) 100vw, 250px\" \/><\/span><\/div><\/div><div class=\"fusion-clearfix\"><\/div><\/div><\/div><div class=\"fusion-layout-column fusion_builder_column fusion-builder-column-4 fusion_builder_column_1_4 1_4 fusion-one-fourth fusion-column-last\" style=\"width:25%;width:calc(25% - ( ( 4% + 4% + 4% ) * 0.25 ) );margin-top:0px;margin-bottom:20px;\"><div class=\"fusion-column-wrapper fusion-flex-column-wrapper-legacy\" style=\"background-position:left top;background-repeat:no-repeat;-webkit-background-size:cover;-moz-background-size:cover;-o-background-size:cover;background-size:cover;padding: 0px 0px 0px 0px;\"><div class=\"fusion-text fusion-text-11\"><h2 style=\"text-align: center;\"><span style=\"color: #ffcc00;\"><strong>RESCERT<\/strong><\/span><\/h2>\n<\/div><div class=\"fusion-text fusion-text-12\"><h3 style=\"text-align: center;\"><strong><em>SYSTEMES D&rsquo;ENERGIE RESIDENTIELS<\/em><\/strong><\/h3>\n<\/div><div class=\"imageframe-align-center\"><div class=\"fusion-image-frame-bottomshadow image-frame-shadow-4\"><style>.fusion-image-frame-bottomshadow.image-frame-shadow-4{display:inline-block}.element-bottomshadow.imageframe-4:before, .element-bottomshadow.imageframe-4:after{-webkit-box-shadow: 0 17px 10px rgba(0,0,0,0.4);box-shadow: 0 17px 10px rgba(0,0,0,0.4);}<\/style><span class=\" fusion-imageframe imageframe-bottomshadow imageframe-4 element-bottomshadow hover-type-none\"><img width=\"250\" height=\"250\" title=\"rescert\" src=\"http:\/\/www.dbchauffage.be\/wp-content\/uploads\/2017\/09\/rescert.jpg\" class=\"img-responsive wp-image-187\" srcset=\"https:\/\/www.dbchauffage.be\/wp-content\/uploads\/2017\/09\/rescert-200x200.jpg 200w, https:\/\/www.dbchauffage.be\/wp-content\/uploads\/2017\/09\/rescert.jpg 250w\" sizes=\"(max-width: 800px) 100vw, 250px\" \/><\/span><\/div><\/div><div class=\"fusion-clearfix\"><\/div><\/div><\/div><\/div><\/div><\/p>\n","protected":false},"excerpt":{"rendered":"","protected":false},"author":1,"featured_media":0,"parent":0,"menu_order":0,"comment_status":"closed","ping_status":"closed","template":"","meta":[],"_links":{"self":[{"href":"https:\/\/www.dbchauffage.be\/index.php?rest_route=\/wp\/v2\/pages\/67"}],"collection":[{"href":"https:\/\/www.dbchauffage.be\/index.php?rest_route=\/wp\/v2\/pages"}],"about":[{"href":"https:\/\/www.dbchauffage.be\/index.php?rest_route=\/wp\/v2\/types\/page"}],"author":[{"embeddable":true,"href":"https:\/\/www.dbchauffage.be\/index.php?rest_route=\/wp\/v2\/users\/1"}],"replies":[{"embeddable":true,"href":"https:\/\/www.dbchauffage.be\/index.php?rest_route=%2Fwp%2Fv2%2Fcomments&post=67"}],"version-history":[{"count":20,"href":"https:\/\/www.dbchauffage.be\/index.php?rest_route=\/wp\/v2\/pages\/67\/revisions"}],"predecessor-version":[{"id":272,"href":"https:\/\/www.dbchauffage.be\/index.php?rest_route=\/wp\/v2\/pages\/67\/revisions\/272"}],"wp:attachment":[{"href":"https:\/\/www.dbchauffage.be\/index.php?rest_route=%2Fwp%2Fv2%2Fmedia&parent=67"}],"curies":[{"name":"wp","href":"https:\/\/api.w.org\/{rel}","templated":true}]}}